{"id":12,"date":"2015-11-27T18:08:06","date_gmt":"2015-11-27T20:08:06","guid":{"rendered":"http:\/\/web.reunidoscontabil.com.br\/?page_id=12"},"modified":"2017-07-18T12:16:19","modified_gmt":"2017-07-18T14:16:19","slug":"servicos","status":"publish","type":"page","link":"https:\/\/reunidoscontabil.com.br\/?page_id=12","title":{"rendered":"Servi\u00e7os"},"content":{"rendered":"<p>Reunidos Contabilidade \u00e9 uma empresa do segmento cont\u00e1bil preocupada com a satisfa\u00e7\u00e3o dos seus clientes, e desta forma procura atende-los de forma acolhedora e eficaz.<\/p>\n<p>Nossos servi\u00e7os s\u00e3o pautados em:<\/p>\n<p><img decoding=\"async\" src=\"https:\/\/reunidoscontabil.com.br\/images\/marcador_01.png\" alt=\"\" align=\"left\" \/>Execu\u00e7\u00e3o de servi\u00e7os segmentados nos \u00e2mbitos Cont\u00e1bil, Tribut\u00e1rio, Fiscal e Trabalhista e Previdenci\u00e1rio;<\/p>\n<p><img decoding=\"async\" src=\"https:\/\/reunidoscontabil.com.br\/images\/marcador_01.png\" alt=\"\" align=\"left\" \/> Execu\u00e7\u00e3o das rotinas referidas nos segmentos acima;<\/p>\n<p><img decoding=\"async\" src=\"https:\/\/reunidoscontabil.com.br\/images\/marcador_01.png\" alt=\"\" align=\"left\" \/> Emiss\u00e3o dos documentos operacionais para fins fiscais e anal\u00edticos;<\/p>\n<p><img decoding=\"async\" src=\"https:\/\/reunidoscontabil.com.br\/images\/marcador_01.png\" alt=\"\" align=\"left\" \/>Execu\u00e7\u00e3o das obriga\u00e7\u00f5es principais e acess\u00f3rias vigentes, pertinentes a cada empresa cliente;<\/p>\n<p><img decoding=\"async\" src=\"https:\/\/reunidoscontabil.com.br\/images\/marcador_01.png\" alt=\"\" align=\"left\" \/> Obten\u00e7\u00e3o de Certid\u00f5es Negativas junto aos \u00f3rg\u00e3os competentes;<\/p>\n<p><img decoding=\"async\" src=\"https:\/\/reunidoscontabil.com.br\/images\/marcador_01.png\" alt=\"\" align=\"left\" \/> Aberturas, altera\u00e7\u00f5es, regulariza\u00e7\u00f5es e encerramentos de empresas nos \u00f3rg\u00e3os pertinentes;<\/p>\n<p><img decoding=\"async\" src=\"https:\/\/reunidoscontabil.com.br\/images\/marcador_01.png\" alt=\"\" align=\"left\" \/> Planejamento, elabora\u00e7\u00e3o e an\u00e1lise de Declara\u00e7\u00f5es de Imposto de Renda Pessoa F\u00edsica;<\/p>\n","protected":false},"excerpt":{"rendered":"<p>Reunidos Contabilidade \u00e9 uma empresa do segmento cont\u00e1bil preocupada com a satisfa\u00e7\u00e3o dos seus clientes, e desta forma procura atende-los de forma acolhedora e eficaz. Nossos servi\u00e7os s\u00e3o pautados em: Execu\u00e7\u00e3o de servi\u00e7os segmentados nos \u00e2mbitos Cont\u00e1bil, Tribut\u00e1rio, Fiscal e Trabalhista e Previdenci\u00e1rio; Execu\u00e7\u00e3o das rotinas referidas nos segmentos acima; Emiss\u00e3o dos documentos operacionais para [&hellip;]<\/p>\n","protected":false},"author":1,"featured_media":0,"parent":0,"menu_order":2,"comment_status":"closed","ping_status":"closed","template":"","meta":{"jetpack_post_was_ever_published":false,"footnotes":""},"class_list":["post-12","page","type-page","status-publish","hentry"],"jetpack_sharing_enabled":true,"jetpack_shortlink":"https:\/\/wp.me\/P9irIL-c","jetpack-related-posts":[{"id":26,"url":"https:\/\/reunidoscontabil.com.br\/?page_id=26","url_meta":{"origin":12,"position":0},"title":"Miss\u00e3o|Vis\u00e3o|Valores","author":"admin","date":"27 de novembro de 2015","format":false,"excerpt":"Miss\u00e3o Assessorar e executar tecnicamente as informa\u00e7\u00f5es para tomada de decis\u00f5es e sustentabilidade dos clientes, prestando servi\u00e7os com qualidade e compet\u00eancia, valorizando os talentos internos e priorizando a excel\u00eancia no atendimento. Vis\u00e3o Ser uma empresa modelo com excel\u00eancia no segmento Cont\u00e1bil, buscando inova\u00e7\u00f5es tecnol\u00f3gicas, objetivando a otimiza\u00e7\u00e3o de tempo, redu\u00e7\u00e3o\u2026","rel":"","context":"Post similar","block_context":{"text":"Post similar","link":""},"img":{"alt_text":"","src":"https:\/\/i0.wp.com\/reunidoscontabil.com.br\/wp-content\/uploads\/2015\/11\/mvv.png?resize=350%2C200&ssl=1","width":350,"height":200,"srcset":"https:\/\/i0.wp.com\/reunidoscontabil.com.br\/wp-content\/uploads\/2015\/11\/mvv.png?resize=350%2C200&ssl=1 1x, https:\/\/i0.wp.com\/reunidoscontabil.com.br\/wp-content\/uploads\/2015\/11\/mvv.png?resize=525%2C300&ssl=1 1.5x"},"classes":[]},{"id":8,"url":"https:\/\/reunidoscontabil.com.br\/","url_meta":{"origin":12,"position":1},"title":"Empresa","author":"admin","date":"27 de novembro de 2015","format":false,"excerpt":"Empresa que atua no ramo da Contabilidade para ind\u00fastrias, com\u00e9rcios, condom\u00ednios, associa\u00e7\u00f5es em geral e prestadores de servi\u00e7os. Sediada na cidade de S\u00e3o Jos\u00e9 do Rio Preto - SP, desde 1983 sob esta dire\u00e7\u00e3o, portanto a mais de 35 anos prestando servi\u00e7os para empresas localizadas em S\u00e3o Jos\u00e9 do Rio\u2026","rel":"","context":"Post similar","block_context":{"text":"Post similar","link":""},"img":{"alt_text":"","src":"","width":0,"height":0},"classes":[]},{"id":28,"url":"https:\/\/reunidoscontabil.com.br\/?page_id=28","url_meta":{"origin":12,"position":2},"title":"PQEC","author":"admin","date":"27 de novembro de 2015","format":false,"excerpt":"PQEC - \"Programa de Qualidade das Empresas Cont\u00e1beis\", \u00e9 um Programa de Certifica\u00e7\u00e3o que reconhece empresas cont\u00e1beis comprometidas com a \u00e9tica e a qualidade dos servi\u00e7os prestados. Criado pelo SESCON-SP e AESCON-SP, o PQEC tem como objetivo incentivar as empresas de servi\u00e7os cont\u00e1beis \u00e0 melhoria cont\u00ednua de seus processos e\u2026","rel":"","context":"Post similar","block_context":{"text":"Post similar","link":""},"img":{"alt_text":"","src":"","width":0,"height":0},"classes":[]},{"id":24,"url":"https:\/\/reunidoscontabil.com.br\/?page_id=24","url_meta":{"origin":12,"position":3},"title":"Facilitador","author":"admin","date":"27 de novembro de 2015","format":false,"excerpt":"* Suporte Remoto - AnyDesk - p\/ Windows * Obriga\u00e7\u00f5es - Agendas Federal\/Estaduais\/Trabalhista - Obriga\u00e7\u00f5es Fiscais (Calend\u00e1rio - Federal\/Estadual) * Certid\u00f5es - Certid\u00f5es Negativas - Federal, Estadual e Municipal * Miscel\u00e2nia (diversos) - Modelos de Documentos - Consultas, Declara\u00e7\u00f5es, Legisla\u00e7\u00f5es e Secretarias Diversas - Tabelas Pr\u00e1ticas - C\u00e1lculos Financeiros e\u2026","rel":"","context":"Post similar","block_context":{"text":"Post similar","link":""},"img":{"alt_text":"","src":"https:\/\/i0.wp.com\/reunidoscontabil.com.br\/wp-content\/uploads\/2015\/11\/obrigacoes.jpg?resize=350%2C200&ssl=1","width":350,"height":200,"srcset":"https:\/\/i0.wp.com\/reunidoscontabil.com.br\/wp-content\/uploads\/2015\/11\/obrigacoes.jpg?resize=350%2C200&ssl=1 1x, https:\/\/i0.wp.com\/reunidoscontabil.com.br\/wp-content\/uploads\/2015\/11\/obrigacoes.jpg?resize=525%2C300&ssl=1 1.5x"},"classes":[]},{"id":73,"url":"https:\/\/reunidoscontabil.com.br\/?page_id=73","url_meta":{"origin":12,"position":4},"title":"Contato","author":"admin","date":"1 de dezembro de 2015","format":false,"excerpt":"Rua Marechal Deodoro da Fonseca, n\u00ba 3806, Salas 11 e 12 \u00a0 Edif. Jesus Cristo, Bairro Santa Cruz \u00a0 CEP: 15014-060 | S\u00e3o Jos\u00e9 do Rio Preto - SP \u00a0\u00a0 Fone\/WhatsApp: +55 (17) 3122-7000 \u00a0\u00a0 E-mail: reunidos@reunidoscontabil.com.br \u00a0","rel":"","context":"Post similar","block_context":{"text":"Post similar","link":""},"img":{"alt_text":"","src":"","width":0,"height":0},"classes":[]}],"_links":{"self":[{"href":"https:\/\/reunidoscontabil.com.br\/index.php?rest_route=\/wp\/v2\/pages\/12","targetHints":{"allow":["GET"]}}],"collection":[{"href":"https:\/\/reunidoscontabil.com.br\/index.php?rest_route=\/wp\/v2\/pages"}],"about":[{"href":"https:\/\/reunidoscontabil.com.br\/index.php?rest_route=\/wp\/v2\/types\/page"}],"author":[{"embeddable":true,"href":"https:\/\/reunidoscontabil.com.br\/index.php?rest_route=\/wp\/v2\/users\/1"}],"replies":[{"embeddable":true,"href":"https:\/\/reunidoscontabil.com.br\/index.php?rest_route=%2Fwp%2Fv2%2Fcomments&post=12"}],"version-history":[{"count":1,"href":"https:\/\/reunidoscontabil.com.br\/index.php?rest_route=\/wp\/v2\/pages\/12\/revisions"}],"predecessor-version":[{"id":13,"href":"https:\/\/reunidoscontabil.com.br\/index.php?rest_route=\/wp\/v2\/pages\/12\/revisions\/13"}],"wp:attachment":[{"href":"https:\/\/reunidoscontabil.com.br\/index.php?rest_route=%2Fwp%2Fv2%2Fmedia&parent=12"}],"curies":[{"name":"wp","href":"https:\/\/api.w.org\/{rel}","templated":true}]}}

Serviços

<p>Reunidos Contabilidade é uma empresa do segmento contábil preocupada com a satisfação dos seus clientes, e desta forma procura atende-los de forma acolhedora e eficaz.</p>
<p>Nossos serviços são pautados em:</p>
<p><img decoding="async" src="https://reunidoscontabil.com.br/images/marcador_01.png" alt="" align="left" />Execução de serviços segmentados nos âmbitos Contábil, Tributário, Fiscal e Trabalhista e Previdenciário;</p>
<p><img decoding="async" src="https://reunidoscontabil.com.br/images/marcador_01.png" alt="" align="left" /> Execução das rotinas referidas nos segmentos acima;</p>
<p><img decoding="async" src="https://reunidoscontabil.com.br/images/marcador_01.png" alt="" align="left" /> Emissão dos documentos operacionais para fins fiscais e analíticos;</p>
<p><img decoding="async" src="https://reunidoscontabil.com.br/images/marcador_01.png" alt="" align="left" />Execução das obrigações principais e acessórias vigentes, pertinentes a cada empresa cliente;</p>
<p><img decoding="async" src="https://reunidoscontabil.com.br/images/marcador_01.png" alt="" align="left" /> Obtenção de Certidões Negativas junto aos órgãos competentes;</p>
<p><img decoding="async" src="https://reunidoscontabil.com.br/images/marcador_01.png" alt="" align="left" /> Aberturas, alterações, regularizações e encerramentos de empresas nos órgãos pertinentes;</p>
<p><img decoding="async" src="https://reunidoscontabil.com.br/images/marcador_01.png" alt="" align="left" /> Planejamento, elaboração e análise de Declarações de Imposto de Renda Pessoa Física;</p>

<p>Reunidos Contabilidade é uma empresa do segmento contábil preocupada com a satisfação dos seus clientes, e desta forma procura atende-los de forma acolhedora e eficaz. Nossos serviços são pautados em: Execução de serviços segmentados nos âmbitos Contábil, Tributário, Fiscal e Trabalhista e Previdenciário; Execução das rotinas referidas nos segmentos acima; Emissão dos documentos operacionais para [&hellip;]</p>

Missão|Visão|Valores

Missão Assessorar e executar tecnicamente as informações para tomada de decisões e sustentabilidade dos clientes, prestando serviços com qualidade e competência, valorizando os talentos internos e priorizando a excelência no atendimento. Visão Ser uma empresa modelo com excelência no segmento Contábil, buscando inovações tecnológicas, objetivando a otimização de tempo, redução…

Empresa que atua no ramo da Contabilidade para indústrias, comércios, condomínios, associações em geral e prestadores de serviços. Sediada na cidade de São José do Rio Preto - SP, desde 1983 sob esta direção, portanto a mais de 35 anos prestando serviços para empresas localizadas em São José do Rio…

PQEC - "Programa de Qualidade das Empresas Contábeis", é um Programa de Certificação que reconhece empresas contábeis comprometidas com a ética e a qualidade dos serviços prestados. Criado pelo SESCON-SP e AESCON-SP, o PQEC tem como objetivo incentivar as empresas de serviços contábeis à melhoria contínua de seus processos e…

* Suporte Remoto - AnyDesk - p/ Windows * Obrigações - Agendas Federal/Estaduais/Trabalhista - Obrigações Fiscais (Calendário - Federal/Estadual) * Certidões - Certidões Negativas - Federal, Estadual e Municipal * Miscelânia (diversos) - Modelos de Documentos - Consultas, Declarações, Legislações e Secretarias Diversas - Tabelas Práticas - Cálculos Financeiros e…

Rua Marechal Deodoro da Fonseca, nº 3806, Salas 11 e 12   Edif. Jesus Cristo, Bairro Santa Cruz   CEP: 15014-060 | São José do Rio Preto - SP    Fone/WhatsApp: +55 (17) 3122-7000    E-mail: reunidos@reunidoscontabil.com.br
